 2 = 4*p - 13. Let x = 3 - 1. Calculate the greatest common divisor of x and p.
1
Suppose 4*y - 3*y + 1 = 2*k, y - 1 = k. Let x = 11 - k. Let p(b) = -2*b - 2. Let d be p(-10). What is the greatest common divisor of x and d?
9
Suppose -3*v = -v - 352. Let g = v + -104. What is the greatest common divisor of 18 and g?
18
Suppose 2*r = -2*s + 56, -55 = -5*r + 5*s + 55. What is the greatest common divisor of r and 200?
25
Suppose 0 = -0*m + 4*m - 16. Let t be 2*2/m + 8. What is the highest common divisor of t and 36?
9
Suppose 0 = l + 1. Let c = l - -6. Let t(o) = 45*o**2 - o - 1. Let g be t(-1). Calculate the greatest common divisor of c and g.
5
Let b(d) = d**3 - 20*d**2 - 43*d - 13. Let a be b(22). Calculate the greatest common factor of a and 144.
9
Let n = 25 - -7. Let y = -225 + 326. Suppose -21 + y = f. What is the highest common factor of f and n?
16
Suppose -4*r + 2*r = k - 111, 5*r = 4*k + 284. Suppose 20 = 5*b - 20. Calculate the highest common divisor of b and r.
8
Let m = 207 - 107. Calculate the highest common divisor of m and 40.
20
Suppose 6*l - 20 = 5*l. Calculate the highest common divisor of 220 and l.
20
Let n = -20 - -9. Let l(p) be the first derivative of -p**4/4 - 4*p**3 - 6*p**2 - 4*p - 1. Let f be l(n). Calculate the highest common factor of f and 7.
7
Suppose 145 = 2*w - 35. What is the greatest common divisor of w and 20?
10
Suppose 5*d = 11 + 9. Suppose 6*a - 4*a - 56 = 0. Calculate the highest common factor of d and a.
4
Let b = -83 + 95. What is the greatest common factor of 48 and b?
12
Let i be (-107)/(-5) - 28/70. Calculate the highest common divisor of i and 14.
7
Suppose -11 - 12 = -h. Calculate the highest common factor of h and 115.
23
Let r be (60/9)/5 - (-626)/3. Suppose 204 = -4*d + 4*m - 44, -4*d = -5*m + 246. Let t be 1/(-3) + d/(-3). What is the highest common divisor of r and t?
21
Let p(y) = -y + 1. Let j be p(-4). Suppose 53 = 2*o - j*w, -3*o - w + 62 = -5*w. Let z be -2*1/(-2) - -125. Calculate the highest common divisor of z and o.
14
Suppose -6*m = -3*m + 3. Let s(f) = -16*f**3 - f**2 - 2*f - 1. Let o be s(m). What is the highest common factor of o and 144?
16
Let d(g) = -g**3 + g**2 - g + 17. Let f be d(0). What is the highest common factor of f and 51?
17
Let o be (12/(-9))/(10/(-405)). Calculate the greatest common divisor of o and 18.
18
Suppose 0 = 2*h - 8*h + 72. Calculate the greatest common factor of h and 84.
12
Suppose -z - 8 = -2*z. Let c be -1 + z + 0/1. Suppose -2*h - 6 = 5*g, 2*h - 3*g + c*g = -2. What is the greatest common divisor of h and 28?
7
Let k = 18 - 25. Let n = k + 12. Let v(u) = -7*u + 3. Let x be v(-6). Calculate the highest common factor of x and n.
5
Suppose 0 = 257*u - 259*u + 14. Calculate the highest common divisor of 1 and u.
1
Let c be (-6)/8 - 387/(-36). Calculate the highest common divisor of c and 5.
5
Suppose 1 = 2*h - 29. Let v be -2 + ((-487)/(-4) - 1/(-4)). What is the greatest common factor of v and h?
15
Let s be (-84)/(-10) + 8/(-100)*5. What is the greatest common factor of s and 20?
4
Suppose 328 = 3*w - 4*h, -4*w - 4*h + 172 = -228. Let y(r) = -r**3 + 3*r**2 + 3*r + 4. Let x be y(3). Calculate the greatest common divisor of w and x.
13
Suppose 36 = 3*c + 3*g, -c - g = 3*c - 63. What is the highest common divisor of c and 51?
17
Suppose 0 = 16*x - 324 - 76. Calculate the highest common factor of 125 and x.
25
Let p(w) = 12*w**2 - 7*w - 2. Let x be p(-2). Calculate the highest common divisor of x and 90.
30
Suppose 2*a + s - 7 = 0, -a + 4*s = 2 - 10. What is the greatest common divisor of a and 12?
4
Let s(m) = m**3 + 15*m**2 + 14*m + 12. Let k be s(-14). Calculate the highest common factor of k and 18.
6
Let q = 69 + -47. Calculate the greatest common factor of 66 and q.
22
Let v = 17 - 12. Let t(y) = 4*y - 18. Let x be t(7). Suppose v*j + 0*j = x. Calculate the greatest common factor of 2 and j.
2
Let q be (2 + 2 - 1)*-1. Let d be 6/1*q/(-9). What is the greatest common divisor of 6 and d?
2
Let t(v) be the first derivative of -v**2 + v + 2. Let d be t(4). Let y = d + 23. Calculate the highest common divisor of y and 96.
16
Let v = 35 + -24. What is the highest common divisor of v and 121?
11
Suppose 4*c - 196 + 38 = -2*u, 336 = 4*u - 2*c. Suppose -5*y - 5 + 20 = 0. Suppose -u - 79 = -y*n. What is the highest common factor of n and 6?
6
Let l = 66 + -52. Calculate the greatest common divisor of 7 and l.
7
Suppose 8*o - 9*o = -105. What is the greatest common divisor of 42 and o?
21
Suppose -125 - 56 = -5*c - 2*p, 3*c - 4*p = 93. Suppose -z + 0*z + 7 = 0. What is the highest common divisor of c and z?
7
Let c = -16 + 58. What is the highest common factor of c and 28?
14
Suppose 4*k + 4 = 28. Let a = 84 + k. Calculate the highest common factor of a and 18.
18
Suppose -h + 5*i = -14, -2*h + 2*i = h - 55. Calculate the highest common factor of h and 171.
19
Let y(p) = p**2 + 2*p + 1. Let h be y(-3). Suppose 27 = h*w - 1. What is the highest common factor of w and 7?
7
Let u(z) = -z**3 + 5*z**2 + 7*z - 6. Let x be u(6). Let s be 0/3 + x - -3. Let m be s*(0 + 4 + 2). Calculate the greatest common factor of 6 and m.
6
Let h(a) = 2*a + 4. Let l be h(7). Calculate the greatest common factor of l and 18.
18
Let g = 187 - 112. Calculate the highest common divisor of g and 25.
25
Let p be 2 - (-43*1 + 1). Suppose 3*y - 2*o - 29 = -2*y, -5*y + 15 = 5*o. Suppose 0 = -2*q + 3 + y. Calculate the highest common divisor of q and p.
4
Suppose -2*g + 4*v - 2*v + 78 = 0, g + 5*v - 69 = 0. What is the highest common factor of g and 22?
22
Suppose 0 = -0*l - 3*l + 4*k + 533, -3*l - k + 508 = 0. What is the highest common factor of l and 19?
19
Let o = -40 - -84. Let s = o - 31. Calculate the highest common factor of 39 and s.
13
Let b be ((-24)/10)/((-3)/50). What is the highest common divisor of 16 and b?
8
Let q be -11*(-3 + 6 - 7). What is the greatest common divisor of q and 11?
11
Let p = -17 - -27. Suppose -354 = -5*s - 54. What is the greatest common factor of p and s?
10
Let q be (-2)/(-3) + 80/6. Let g be ((-13)/(-4))/(1/116). Let s = g - 265. What is the highest common factor of q and s?
14
Suppose -21 + 1 = -4*p, 4*r + p = 93. Let u(c) = c**3 - 3*c**2 - 7*c + 7. Let o be u(5). What is the greatest common factor of o and r?
22
Let z(o) = 79*o**2 + 3*o - 2. Let n be z(2). Suppose 3*a + a = n. What is the highest common factor of 10 and a?
10
Let s be (-1046)/(-14) - 16/(-56) - -2. What is the greatest common factor of s and 11?
11
Let r(n) = -4*n + 5. Let v be r(-7). Let u = 56 + -79. Let t = -12 - u. What is the greatest common factor of v and t?
11
Let j(p) = -2*p. Let r be (27/3)/(2 + -1). Let n(h) = h**2 - 10*h + 4. Let u be n(r). Let o be j(u). Calculate the highest common divisor of o and 70.
10
Let z(l) = -4*l**3 - 3*l**2 + 1. Let s be z(-2). What is the greatest common factor of 3 and s?
3
Let m = -106 + 154. What is the greatest common factor of m and 72?
24
Let o be (2*(-9)/4 - -3)*-10. Suppose 604 = 5*g + 2*r, -211 = -4*g + 4*r + 261. What is the greatest common divisor of o and g?
15
Let k = -535 - -271. Let n = -184 - k. Calculate the highest common factor of 20 and n.
20
Let f = -3 + 8. Suppose 2*o + 70 = 4*r, -5*r + f*o = 1 - 76. Let x(c) = c + 10. Let q be x(-6). What is the highest common divisor of q and r?
4
Let r(f) = 73*f**2 - f. Let y be r(1). Suppose -51 = p - 5*p - 3*x, -11 = p - 4*x. What is the greatest common divisor of y and p?
9
Suppose -9 - 6 = -5*t. Suppose -5*m + 202 = i + 20, t*m - 110 = -i. Suppose -40 = -2*o + 8. Calculate the highest common factor of o and m.
12
Suppose -582 = -5*k + 2*w + 398, -4*k = -4*w - 772. Let d be k/24*8*1. What is the greatest common factor of d and 6?
6
Let a be 3*6*2/3. Suppose 2*x - a = -2*x. Suppose -56 = x*j - 350. Calculate the greatest common divisor of j and 14.
14
Suppose -5*k + 3*r + 79 = 0, 2*k + 4*r + r = 13. What is the highest common factor of 140 and k?
14
Let d = -8 + 12. Suppose 0 = -2*w - 3*w + d*n + 393, -4*w = n - 306. Suppose -2*h + 22 = -0. What is the highest common divisor of w and h?
11
Let f(d) = 4*d**2 + 2*d. Let y be f(2). Let l = y + -46. Let m = l + 42. Calculate the greatest common divisor of m and 8.
8
Suppose -13*n - j - 7 = -14*n, 2*n - 12 = 4*j. Suppose 3*g = -2*w + 